{"id":3589,"date":"2021-04-12T12:23:24","date_gmt":"2021-04-12T10:23:24","guid":{"rendered":"http:\/\/www.ozeanien-dialog.de\/?post_type=portfolio&#038;p=3589"},"modified":"2021-04-12T12:23:25","modified_gmt":"2021-04-12T10:23:25","slug":"online-dialog-klima-krise-gerechtigkeit","status":"publish","type":"portfolio","link":"https:\/\/www.ozeanien-dialog.de\/?portfolio=online-dialog-klima-krise-gerechtigkeit","title":{"rendered":"Online-Dialog:  Klima &#8211; Krise- Gerechtigkeit"},"content":{"rendered":"<h6><strong>Philippinen &#8211; im Auge des Sturms<\/strong><\/h6>\n<h6><strong>Klima \u2013 Krise &#8211; Gerechtigkeit ?!<\/strong><\/h6>\n<h6>Einladung zum Online-Dialog am Donnerstag, den 22. April, 16:00 &#8211; 18:00<\/h6>\n<p>\u00a0<\/p>\n<p>Taifune, \u00dcberschwemmungen, Korallensterben &#8211; die Folgen der Klimakrise sind im Lebensraum unserer Partnerkirche in den Philippinen dramatisch zu sehen. Sie stellen eine st\u00e4ndig wachsende existentielle Bedrohung dar. Wir, die Infostelle Klimagerechtigkeit und das Ostasienreferat des Zentrums f\u00fcr Mission und \u00d6kumene der Nordkirche, m\u00f6chten Sie einladen, gemeinsam mit uns die globalen Zusammenh\u00e4nge n\u00e4her zu betrachten, zu reflektieren und die Stimmen von Betroffenen zu h\u00f6ren und mit ihnen ins Gespr\u00e4ch zu kommen.<\/p>\n<p>Neben Informationen sollen an diesem Nachmittag folgende Fragen im Raum stehen:<br \/>Welche Rolle spielen wir als Kirche hier vor Ort aber auch als Partner:innen bei der Bew\u00e4ltigung der Klimakrise? Welche M\u00f6glichkeiten haben wir aktiv und gemeinsam einen Wandel zum Besseren und f\u00fcr eine klimagerechte Zukunft f\u00fcr Alle einzuleiten?<\/p>\n<p>\u00a0<\/p>\n<p>Inputbeitr\u00e4ge kommen von:<\/p>\n<p><strong><em>Globale Klimakrise: ein paar Daten, Fakten und Zusammenh\u00e4nge<\/em><\/strong><br \/>Judith Meyer-Kahrs und Uli Eder, Infostelle Klimagerechtigkeit im Zentrum f\u00fcr Mission und \u00d6kumene<\/p>\n<p><strong><em>Zwischen Anpassung und Untergang \u2013 Inseln und K\u00fcstenbev<\/em><em>\u00f6<\/em><em>lkerungen in der Klimakrise<\/em><\/strong><br \/>Jan Pingel, Ozeanien-Dialog<\/p>\n<p><strong><em>Taifunserie 2020: Arbeit und Zeugnis von Gemeinden unserer Partnerkirche in den Philippinen<\/em><\/strong> <br \/>Bischof Antonio Ablon, Iglesia Filipina Independiente<\/p>\n<p><em><strong>Den Weg der Klimagerechtigkeit gehen \u2013 meine Lebensgeschichte<\/strong><br \/><\/em>Marinel Ubaldo, Klimagerechtigkeits Anw\u00e4ltin in den Philippinen, Koordinatorin der Kampagne &#8222;Living Laudato Si&#8220;<\/p>\n<p>Moderation: Isabel Friemann, Referentin des Ostasienreferats im\u00a0 Zentrum f\u00fcr Mission und \u00d6kumene<\/p>\n<p>\u00dcbersetzung: June Yanez und Jakob Hess<\/p>\n<p><strong>Die Anmeldung f\u00fcr eine kostenlose Teilnahme an unserem Online-Dialog ist \u00fcber folgenden Link m\u00f6glich: <a href=\"https:\/\/deref-web.de\/mail\/client\/RqmvIEcz1uQ\/dereferrer\/?redirectUrl=https%3A%2F%2Fzoom.us%2Fwebinar%2Fregister%2FWN_KfNrl1HwT4u8F_fstt5kPw\">https:\/\/zoom.us\/webinar\/register\/WN_KfNrl1HwT4u8F_fstt5kPw<\/a><\/strong><\/p>\n<p>\u00a0<\/p>\n<p>Hinweis: Es wird eine englische bzw. deutsche \u00dcbersetzung der Inputs geben. Bei der Anmeldung bitten wir daher um einen Hinweis auf die gew\u00fcnschte Sprache.<\/p>\n<p>Die Veranstaltung wird in Kooperation veranstaltet vom Zentrum f\u00fcr Mission und \u00d6kumene &#8211; Nordkirche weltweit, der Seemannsmission, dem Umwelt- und Klimaschutzb\u00fcro der Nordkirche sowie dem Ozeanien-Dialog.<\/p>\n<div><img decoding=\"async\" loading=\"lazy\" class=\"alignleft wp-image-3614 \" src=\"https:\/\/www.ozeanien-dialog.de\/wp-content\/uploads\/2021\/04\/2018-NEU_Logo_RGB-1-300x166.jpg\" alt=\"\" width=\"172\" height=\"95\" srcset=\"https:\/\/www.ozeanien-dialog.de\/wp-content\/uploads\/2021\/04\/2018-NEU_Logo_RGB-1-300x166.jpg 300w, https:\/\/www.ozeanien-dialog.de\/wp-content\/uploads\/2021\/04\/2018-NEU_Logo_RGB-1.jpg 510w\" sizes=\"(max-width: 172px) 100vw, 172px\" \/><\/div>\n<div>\u00a0<\/div>\n<div><img decoding=\"async\" loading=\"lazy\" class=\" wp-image-3606 alignleft\" src=\"https:\/\/www.ozeanien-dialog.de\/wp-content\/uploads\/2021\/04\/Logo_Umwelt_gross-Lila-300x82.jpg\" alt=\"\" width=\"241\" height=\"66\" srcset=\"https:\/\/www.ozeanien-dialog.de\/wp-content\/uploads\/2021\/04\/Logo_Umwelt_gross-Lila-300x82.jpg 300w, https:\/\/www.ozeanien-dialog.de\/wp-content\/uploads\/2021\/04\/Logo_Umwelt_gross-Lila-1024x280.jpg 1024w, https:\/\/www.ozeanien-dialog.de\/wp-content\/uploads\/2021\/04\/Logo_Umwelt_gross-Lila-768x210.jpg 768w, https:\/\/www.ozeanien-dialog.de\/wp-content\/uploads\/2021\/04\/Logo_Umwelt_gross-Lila-540x147.jpg 540w, https:\/\/www.ozeanien-dialog.de\/wp-content\/uploads\/2021\/04\/Logo_Umwelt_gross-Lila.jpg 1300w\" sizes=\"(max-width: 241px) 100vw, 241px\" \/><\/div>\n<div>\u00a0<\/div>\n<div>\u00a0<\/div>\n<div>\u00a0<\/div>\n<div>\u00a0<\/div>\n<div>\u00a0<\/div>\n<div><img decoding=\"async\" loading=\"lazy\" class=\"wp-image-3604 alignleft\" src=\"https:\/\/www.ozeanien-dialog.de\/wp-content\/uploads\/2021\/04\/DSM-Logo-Nordkirche-HKS-42-JPG-HQ-300x195.jpeg\" alt=\"\" width=\"137\" height=\"89\" srcset=\"https:\/\/www.ozeanien-dialog.de\/wp-content\/uploads\/2021\/04\/DSM-Logo-Nordkirche-HKS-42-JPG-HQ-300x195.jpeg 300w, https:\/\/www.ozeanien-dialog.de\/wp-content\/uploads\/2021\/04\/DSM-Logo-Nordkirche-HKS-42-JPG-HQ-540x351.jpeg 540w, https:\/\/www.ozeanien-dialog.de\/wp-content\/uploads\/2021\/04\/DSM-Logo-Nordkirche-HKS-42-JPG-HQ.jpeg 640w\" sizes=\"(max-width: 137px) 100vw, 137px\" \/> <img decoding=\"async\" loading=\"lazy\" class=\" wp-image-3620 alignleft\" src=\"https:\/\/www.ozeanien-dialog.de\/wp-content\/uploads\/2021\/04\/Ozeanien-Dialog_kleinRGB-300x128.jpg\" alt=\"\" width=\"171\" height=\"73\" srcset=\"https:\/\/www.ozeanien-dialog.de\/wp-content\/uploads\/2021\/04\/Ozeanien-Dialog_kleinRGB-300x128.jpg 300w, https:\/\/www.ozeanien-dialog.de\/wp-content\/uploads\/2021\/04\/Ozeanien-Dialog_kleinRGB-768x328.jpg 768w, https:\/\/www.ozeanien-dialog.de\/wp-content\/uploads\/2021\/04\/Ozeanien-Dialog_kleinRGB-540x231.jpg 540w, https:\/\/www.ozeanien-dialog.de\/wp-content\/uploads\/2021\/04\/Ozeanien-Dialog_kleinRGB.jpg 945w\" sizes=\"(max-width: 171px) 100vw, 171px\" \/><\/div>\n<p><!--more--><\/p>\n\n\n<figure class=\"is-layout-flex wp-block-gallery-1 wp-block-gallery alignleft columns-0 is-cropped\"><ul class=\"blocks-gallery-grid\"><\/ul><\/figure>\n\n\n\n<div class=\"is-layout-flex wp-container-7 wp-block-columns\">\n<div class=\"is-layout-flow wp-block-column\" style=\"flex-basis:100%\">\n<div class=\"is-layout-flow wp-block-group\"><div class=\"wp-block-group__inner-container\">\n<div class=\"is-layout-flex wp-container-4 wp-block-columns\">\n<div class=\"is-layout-flow wp-block-column\" style=\"flex-basis:100%\"><\/div>\n<\/div>\n<\/div><\/div>\n<\/div>\n<\/div>\n\n\n\n<p><\/p>\n","protected":false},"excerpt":{"rendered":"<p>Philippinen &#8211; im Auge des Sturms Klima \u2013 Krise &#8211; Gerechtigkeit ?! Einladung zum Online-Dialog am Donnerstag, den 22. April, 16:00 &#8211; 18:00 \u00a0 Taifune, \u00dcberschwemmungen, Korallensterben &#8211; die Folgen der Klimakrise sind im Lebensraum unserer Partnerkirche in den Philippinen dramatisch zu sehen. Sie stellen eine st\u00e4ndig wachsende existentielle Bedrohung dar. Wir, die Infostelle Klimagerechtigkeit &hellip;<\/p>\n","protected":false},"author":3,"featured_media":3602,"comment_status":"open","ping_status":"closed","template":"","meta":[],"portfolio_category":[],"portfolio_tag":[],"acf":[],"_links":{"self":[{"href":"https:\/\/www.ozeanien-dialog.de\/index.php?rest_route=\/wp\/v2\/portfolio\/3589"}],"collection":[{"href":"https:\/\/www.ozeanien-dialog.de\/index.php?rest_route=\/wp\/v2\/portfolio"}],"about":[{"href":"https:\/\/www.ozeanien-dialog.de\/index.php?rest_route=\/wp\/v2\/types\/portfolio"}],"author":[{"embeddable":true,"href":"https:\/\/www.ozeanien-dialog.de\/index.php?rest_route=\/wp\/v2\/users\/3"}],"replies":[{"embeddable":true,"href":"https:\/\/www.ozeanien-dialog.de\/index.php?rest_route=%2Fwp%2Fv2%2Fcomments&post=3589"}],"version-history":[{"count":15,"href":"https:\/\/www.ozeanien-dialog.de\/index.php?rest_route=\/wp\/v2\/portfolio\/3589\/revisions"}],"predecessor-version":[{"id":3634,"href":"https:\/\/www.ozeanien-dialog.de\/index.php?rest_route=\/wp\/v2\/portfolio\/3589\/revisions\/3634"}],"wp:featuredmedia":[{"embeddable":true,"href":"https:\/\/www.ozeanien-dialog.de\/index.php?rest_route=\/wp\/v2\/media\/3602"}],"wp:attachment":[{"href":"https:\/\/www.ozeanien-dialog.de\/index.php?rest_route=%2Fwp%2Fv2%2Fmedia&parent=3589"}],"wp:term":[{"taxonomy":"portfolio_category","embeddable":true,"href":"https:\/\/www.ozeanien-dialog.de\/index.php?rest_route=%2Fwp%2Fv2%2Fportfolio_category&post=3589"},{"taxonomy":"portfolio_tag","embeddable":true,"href":"https:\/\/www.ozeanien-dialog.de\/index.php?rest_route=%2Fwp%2Fv2%2Fportfolio_tag&post=3589"}],"curies":[{"name":"wp","href":"https:\/\/api.w.org\/{rel}","templated":true}]}}

<h6><strong>Philippinen &#8211; im Auge des Sturms</strong></h6>
<h6><strong>Klima – Krise &#8211; Gerechtigkeit ?!</strong></h6>
<h6>Einladung zum Online-Dialog am Donnerstag, den 22. April, 16:00 &#8211; 18:00</h6>
<p> </p>
<p>Taifune, Überschwemmungen, Korallensterben &#8211; die Folgen der Klimakrise sind im Lebensraum unserer Partnerkirche in den Philippinen dramatisch zu sehen. Sie stellen eine ständig wachsende existentielle Bedrohung dar. Wir, die Infostelle Klimagerechtigkeit und das Ostasienreferat des Zentrums für Mission und Ökumene der Nordkirche, möchten Sie einladen, gemeinsam mit uns die globalen Zusammenhänge näher zu betrachten, zu reflektieren und die Stimmen von Betroffenen zu hören und mit ihnen ins Gespräch zu kommen.</p>
<p>Neben Informationen sollen an diesem Nachmittag folgende Fragen im Raum stehen:<br />Welche Rolle spielen wir als Kirche hier vor Ort aber auch als Partner:innen bei der Bewältigung der Klimakrise? Welche Möglichkeiten haben wir aktiv und gemeinsam einen Wandel zum Besseren und für eine klimagerechte Zukunft für Alle einzuleiten?</p>
<p> </p>
<p>Inputbeiträge kommen von:</p>
<p><strong><em>Globale Klimakrise: ein paar Daten, Fakten und Zusammenhänge</em></strong><br />Judith Meyer-Kahrs und Uli Eder, Infostelle Klimagerechtigkeit im Zentrum für Mission und Ökumene</p>
<p><strong><em>Zwischen Anpassung und Untergang – Inseln und Küstenbev</em><em>ö</em><em>lkerungen in der Klimakrise</em></strong><br />Jan Pingel, Ozeanien-Dialog</p>
<p><strong><em>Taifunserie 2020: Arbeit und Zeugnis von Gemeinden unserer Partnerkirche in den Philippinen</em></strong> <br />Bischof Antonio Ablon, Iglesia Filipina Independiente</p>
<p><em><strong>Den Weg der Klimagerechtigkeit gehen – meine Lebensgeschichte</strong><br /></em>Marinel Ubaldo, Klimagerechtigkeits Anwältin in den Philippinen, Koordinatorin der Kampagne &#8222;Living Laudato Si&#8220;</p>
<p>Moderation: Isabel Friemann, Referentin des Ostasienreferats im  Zentrum für Mission und Ökumene</p>
<p>Übersetzung: June Yanez und Jakob Hess</p>
<p><strong>Die Anmeldung für eine kostenlose Teilnahme an unserem Online-Dialog ist über folgenden Link möglich: <a href="https://deref-web.de/mail/client/RqmvIEcz1uQ/dereferrer/?redirectUrl=https%3A%2F%2Fzoom.us%2Fwebinar%2Fregister%2FWN_KfNrl1HwT4u8F_fstt5kPw">https://zoom.us/webinar/register/WN_KfNrl1HwT4u8F_fstt5kPw</a></strong></p>
<p> </p>
<p>Hinweis: Es wird eine englische bzw. deutsche Übersetzung der Inputs geben. Bei der Anmeldung bitten wir daher um einen Hinweis auf die gewünschte Sprache.</p>
<p>Die Veranstaltung wird in Kooperation veranstaltet vom Zentrum für Mission und Ökumene &#8211; Nordkirche weltweit, der Seemannsmission, dem Umwelt- und Klimaschutzbüro der Nordkirche sowie dem Ozeanien-Dialog.</p>
<div><img decoding="async" loading="lazy" class="alignleft wp-image-3614 " src="https://www.ozeanien-dialog.de/wp-content/uploads/2021/04/2018-NEU_Logo_RGB-1-300x166.jpg" alt="" width="172" height="95" srcset="https://www.ozeanien-dialog.de/wp-content/uploads/2021/04/2018-NEU_Logo_RGB-1-300x166.jpg 300w, https://www.ozeanien-dialog.de/wp-content/uploads/2021/04/2018-NEU_Logo_RGB-1.jpg 510w" sizes="(max-width: 172px) 100vw, 172px" /></div>
<div> </div>
<div><img decoding="async" loading="lazy" class=" wp-image-3606 alignleft" src="https://www.ozeanien-dialog.de/wp-content/uploads/2021/04/Logo_Umwelt_gross-Lila-300x82.jpg" alt="" width="241" height="66" srcset="https://www.ozeanien-dialog.de/wp-content/uploads/2021/04/Logo_Umwelt_gross-Lila-300x82.jpg 300w, https://www.ozeanien-dialog.de/wp-content/uploads/2021/04/Logo_Umwelt_gross-Lila-1024x280.jpg 1024w, https://www.ozeanien-dialog.de/wp-content/uploads/2021/04/Logo_Umwelt_gross-Lila-768x210.jpg 768w, https://www.ozeanien-dialog.de/wp-content/uploads/2021/04/Logo_Umwelt_gross-Lila-540x147.jpg 540w, https://www.ozeanien-dialog.de/wp-content/uploads/2021/04/Logo_Umwelt_gross-Lila.jpg 1300w" sizes="(max-width: 241px) 100vw, 241px" /></div>
<div> </div>
<div> </div>
<div> </div>
<div> </div>
<div> </div>
<div><img decoding="async" loading="lazy" class="wp-image-3604 alignleft" src="https://www.ozeanien-dialog.de/wp-content/uploads/2021/04/DSM-Logo-Nordkirche-HKS-42-JPG-HQ-300x195.jpeg" alt="" width="137" height="89" srcset="https://www.ozeanien-dialog.de/wp-content/uploads/2021/04/DSM-Logo-Nordkirche-HKS-42-JPG-HQ-300x195.jpeg 300w, https://www.ozeanien-dialog.de/wp-content/uploads/2021/04/DSM-Logo-Nordkirche-HKS-42-JPG-HQ-540x351.jpeg 540w, https://www.ozeanien-dialog.de/wp-content/uploads/2021/04/DSM-Logo-Nordkirche-HKS-42-JPG-HQ.jpeg 640w" sizes="(max-width: 137px) 100vw, 137px" /> <img decoding="async" loading="lazy" class=" wp-image-3620 alignleft" src="https://www.ozeanien-dialog.de/wp-content/uploads/2021/04/Ozeanien-Dialog_kleinRGB-300x128.jpg" alt="" width="171" height="73" srcset="https://www.ozeanien-dialog.de/wp-content/uploads/2021/04/Ozeanien-Dialog_kleinRGB-300x128.jpg 300w, https://www.ozeanien-dialog.de/wp-content/uploads/2021/04/Ozeanien-Dialog_kleinRGB-768x328.jpg 768w, https://www.ozeanien-dialog.de/wp-content/uploads/2021/04/Ozeanien-Dialog_kleinRGB-540x231.jpg 540w, https://www.ozeanien-dialog.de/wp-content/uploads/2021/04/Ozeanien-Dialog_kleinRGB.jpg 945w" sizes="(max-width: 171px) 100vw, 171px" /></div>
<p><!--more--></p>


<figure class="is-layout-flex wp-block-gallery-1 wp-block-gallery alignleft columns-0 is-cropped"><ul class="blocks-gallery-grid"></ul></figure>



<div class="is-layout-flex wp-container-7 wp-block-columns">
<div class="is-layout-flow wp-block-column" style="flex-basis:100%">
<div class="is-layout-flow wp-block-group"><div class="wp-block-group__inner-container">
<div class="is-layout-flex wp-container-4 wp-block-columns">
<div class="is-layout-flow wp-block-column" style="flex-basis:100%"></div>
</div>
</div></div>
</div>
</div>



<p></p>

<p>Philippinen &#8211; im Auge des Sturms Klima – Krise &#8211; Gerechtigkeit ?! Einladung zum Online-Dialog am Donnerstag, den 22. April, 16:00 &#8211; 18:00   Taifune, Überschwemmungen, Korallensterben &#8211; die Folgen der Klimakrise sind im Lebensraum unserer Partnerkirche in den Philippinen dramatisch zu sehen. Sie stellen eine ständig wachsende existentielle Bedrohung dar. Wir, die Infostelle Klimagerechtigkeit &hellip;</p>
