{"id":2067,"date":"2018-05-29T17:41:59","date_gmt":"2018-05-29T15:41:59","guid":{"rendered":"http:\/\/www.ozeanien-dialog.de?page_id=2067"},"modified":"2021-09-07T10:47:21","modified_gmt":"2021-09-07T08:47:21","slug":"datenschutz","status":"publish","type":"page","link":"https:\/\/www.ozeanien-dialog.de\/?page_id=2067","title":{"rendered":"Datenschutz"},"content":{"rendered":"<div id=\"pl-2067\"  class=\"panel-layout\" ><div id=\"pg-2067-0\"  class=\"panel-grid panel-no-style\" ><div id=\"pgc-2067-0-0\"  class=\"panel-grid-cell\" ><div id=\"panel-2067-0-0-0\" class=\"so-panel widget widget_sow-editor panel-first-child panel-last-child\" data-index=\"0\" ><div\n\t\t\t\n\t\t\tclass=\"so-widget-sow-editor so-widget-sow-editor-base\"\n\t\t\t\n\t\t>\n<div class=\"siteorigin-widget-tinymce textwidget\">\n\t<p><strong>Geltungsbereich<\/strong><\/p>\n<p><strong>Der Ozeanien-Dialog ist eine Projektstelle der Evangelischen Mission Weltweit e.V. (EMW). Die EMW ist somit der Rechtstr\u00e4ger des Ozeanien-Dialogs.<\/strong><\/p>\n<p>Die EMW (Anschrift: Normannenweg 17-21, 20537 Hamburg; Tel. 040 254 56 0; E-Mail: info@emw-d.de) nimmt als Websitebetreiber von www.ozeanien-dialog.de Ihren Datenschutz sehr ernst und behandelt Ihre personenbezogenen Daten vertraulich und entsprechend dem Kirchengesetz \u00fcber den Datenschutz der Evangelischen Kirche in Deutschland (<a href=\"https:\/\/www.kirchenrecht-ekd.de\/document\/39613\">DSG-EKD<\/a>) in der jeweils g\u00fcltigen Fassung, sowie gem\u00e4\u00df dem Telemediengesetz.<\/p>\n<p>Diese Datenschutzerkl\u00e4rung soll die Nutzer\/innen dieser Website \u00fcber die Art, den Umfang und den Zweck der Erhebung und Verwendung personenbezogener Daten durch die EMW informieren. Verantwortliche Stelle f\u00fcr die Einhaltung der Datenschutzregelungen nach dem DSG-EKD ist die EMW.<\/p>\n<p>Bedenken Sie, dass die Daten\u00fcbertragung im Internet grunds\u00e4tzlich mit Sicherheitsl\u00fccken behaftet sein kann. Ein vollumf\u00e4nglicher Schutz vor dem Zugriff durch Fremde ist nicht realisierbar.<\/p>\n<p><strong>Datenschutzbeauftragter<\/strong><\/p>\n<p>Das EMW wird von einem externen Datenschutzbeauftragen betreut. Auf Wunsch k\u00f6nnen wir Ihnen gern die Kontaktdaten vermitteln.<\/p>\n<p><strong>Aufsichtsbeh\u00f6rde<\/strong><\/p>\n<p>Die zust\u00e4ndige kirchliche Aufsichtsbeh\u00f6rde ist der Beauftragte f\u00fcr den Datenschutz in der Evangelischen Kirche in Deutschland, B\u00f6ttcherstra\u00dfe 7, 30419 Hannover, Telefon: +49 (0)511 768128-0, Fax: +49 (0)511 768128-20, E-Mail: <a href=\"mailto:info@datenschutz.ekd.de\">info@datenschutz.ekd.de<\/a>.<\/p>\n<p><strong>Speicherung von Zugriffsdaten in Server-Logfiles<\/strong><\/p>\n<p>Sie k\u00f6nnen unsere Webseiten besuchen, ohne Angaben zu Ihrer Person zu machen. Der Ozeanien-Dialog erhebt Daten \u00fcber Zugriffe auf die Seite und speichert diese als \u201eServer-Logfiles\u201c ab. Folgende Daten werden protokolliert:<\/p>\n<ul>\n<li>Besuchte Website<\/li>\n<li>Uhrzeit zum Zeitpunkt des Zugriffes<\/li>\n<li>Menge der gesendeten Daten in Byte<\/li>\n<li>Quelle\/Verweis, von welchem Ort Sie auf die Seite gelangten<\/li>\n<li>Verwendeter Browser<\/li>\n<li>Verwendetes Betriebssystem<\/li>\n<li>Verwendete IP-Adresse<\/li>\n<\/ul>\n<p>Diese Daten werden ausschlie\u00dflich zur Sicherstellung eines st\u00f6rungsfreien Betriebs der Seite und zur Verbesserung unseres Angebots ausgewertet und erlauben uns keinen R\u00fcckschluss auf Ihre Person. Das EMW beh\u00e4lt sich allerdings vor, die Server-Logfiles nachtr\u00e4glich zu \u00fcberpr\u00fcfen, sollten konkrete Anhaltspunkte auf eine rechtswidrige Nutzung hinweisen.<\/p>\n<p><strong>Cookies<\/strong><\/p>\n<p>Um den Besuch unserer Website attraktiv zu gestalten und die Nutzung bestimmter Funktionen zu erm\u00f6glichen, verwenden wir auf verschiedenen Seiten sogenannte Cookies. Hierbei handelt es sich um kleine Textdateien, die auf Ihrem Endger\u00e4t gespeichert werden. Ihr Browser greift auf diese Dateien zu. Einige der von uns verwendeten Cookies werden nach Ende der Browser-Sitzung, also nach Schlie\u00dfen Ihres Browsers, wieder gel\u00f6scht (sog. Sitzungs-Cookies). Andere Cookies verbleiben auf Ihrem Endger\u00e4t und erm\u00f6glichen uns, Ihren Browser beim n\u00e4chsten Besuch wiederzuerkennen (persistente Cookies). Sie k\u00f6nnen Ihren Browser so einstellen, dass Sie \u00fcber das Setzen von Cookies informiert werden und einzeln \u00fcber deren Annahme entscheiden oder die Annahme von Cookies f\u00fcr bestimmte F\u00e4lle oder generell ausschlie\u00dfen. Bei der Nichtannahme von Cookies kann die Funktionalit\u00e4t unserer Website eingeschr\u00e4nkt sein.<\/p>\n<p><strong>Kontaktformular<\/strong><\/p>\n<p>Sie k\u00f6nnen sich \u00fcber ein Kontaktformular jederzeit an uns wenden. Um Ihre Fragen beantworten oder Ihnen eine R\u00fcckmeldung zukommen lassen zu k\u00f6nnen, erfassen wir folgende Angaben: Name, Vorname und E-Mail-Adresse. Diese personenbezogenen Daten werden ausschlie\u00dflich f\u00fcr die o.g. Zwecke verwendet und ohne Ihre Einwilligung nicht an Dritte weitergegeben.<\/p>\n<p><strong>Nutzung von Social-Media-Plug-ins<\/strong><\/p>\n<p>Diese Website verwendet das Facebook-Plug-in, welches von der Facebook Inc. (1 Hacker Way, Menlo Park, California 94025, USA) betrieben wird. Erkennbar sind die Einbindungen an dem Facebook-Logo bzw. an den Begriffen \u201eLike\u201c, \u201eGef\u00e4llt mir\u201c, \u201eTeilen\u201c in den Farben Facebooks (Blau und Wei\u00df). Informationen zu allen Facebook-Plug-ins finden Sie <a href=\"https:\/\/developers.facebook.com\/docs\/plugins\/\">hier<\/a>.<\/p>\n<p>Das Plug-in stellt eine direkte Verbindung zwischen Ihrem Browser und den Facebook-Servern her. Der Ozeanien-Dialog hat keinerlei Einfluss auf die Natur und den Umfang der Daten, welche das Plug-in an die Server der Facebook Inc. \u00fcbermittelt. Informationen dazu finden Sie <a href=\"https:\/\/www.facebook.com\/help\/186325668085084\">hier<\/a>.<\/p>\n<p>Das Plug-in informiert die Facebook Inc. dar\u00fcber, dass Sie als Nutzer\/in diese Website besucht haben. Es besteht hierbei die M\u00f6glichkeit, dass Ihre IP-Adresse gespeichert wird. Sind Sie w\u00e4hrend des Besuchs auf dieser Website in Ihrem Facebook-Konto eingeloggt, werden die genannten Informationen mit diesem verkn\u00fcpft. Nutzen Sie die Funktionen des Plug-in \u2013 etwa indem Sie einen Beitrag teilen oder \u201eliken\u201c \u2013 werden die entsprechenden Informationen ebenfalls an die Facebook Inc. \u00fcbermittelt. M\u00f6chten Sie verhindern, dass die Facebook. Inc. diese Daten mit Ihrem Facebook-Konto verkn\u00fcpft, loggen Sie sich bitte vor dem Besuch dieser Website bei Facebook aus.<\/p>\n<p>Weiterhin nutzt diese Website Twitter-Schaltfl\u00e4chen. Betrieben werden diese von der Twitter Inc. (795 Folsom St., Suite 600, San Francisco, CA 94107, USA). Besuchen Sie eine Seite, welche eine solche Schaltfl\u00e4che enth\u00e4lt, entsteht eine direkte Verbindung zwischen Ihrem Browser und den Twitter-Servern. Der Ozeanien-Dialog hat daher keinerlei Einfluss \u00fcber die Natur und den Umfang der Daten, welche das Plug-in an die Server Twitter Inc. \u00fcbermittelt. Gem\u00e4\u00df der Twitter Inc. wird dabei allein Ihre IP-Adresse erhoben und gespeichert. Informationen zu dem Umgang mit personenbezogenen Daten durch die Twitter Inc. finden Sie <a href=\"https:\/\/twitter.com\/privacy?lang=de\">hier<\/a>.<strong>\u00a0<\/strong><\/p>\n<p><strong>Externe Links <\/strong><\/p>\n<p>In den F\u00e4llen, in denen diese Website Links auf externe Seiten anderer Institutionen erm\u00f6glicht, gelten die Datenschutzbestimmungen der jeweiligen Institution bzw. des jeweiligen Websitebetreibers.<\/p>\n<p><strong>Rechte des\/r Nutzers\/in: Auskunft, Berichtigung und L\u00f6schung<\/strong><\/p>\n<p>Sie als Nutzer\/in erhalten auf Antrag Ihrerseits kostenlose Auskunft dar\u00fcber, welche personenbezogenen Daten \u00fcber Sie gespeichert wurden. Sofern Ihr Wunsch nicht mit einer gesetzlichen Pflicht zur Aufbewahrung von Daten (z. B. Vorratsdatenspeicherung) kollidiert, haben Sie ein Anrecht auf Berichtigung falscher Daten und auf die Sperrung oder L\u00f6schung Ihrer personenbezogenen Daten. Hierzu k\u00f6nnen Sie sich schriftlich oder per E-Mail an die im Impressum oder unter \u201eKontakt\u201c genannte Adresse wenden.<\/p>\n<\/div>\n<\/div><\/div><\/div><\/div><\/div>","protected":false},"excerpt":{"rendered":"<p>Geltungsbereich Der Ozeanien-Dialog ist eine Projektstelle der Evangelischen Mission Weltweit e.V. (EMW). Die EMW ist somit der Rechtstr\u00e4ger des Ozeanien-Dialogs. Die EMW (Anschrift: Normannenweg 17-21, 20537 Hamburg; Tel. 040 254 56 0; E-Mail: info@emw-d.de) nimmt als Websitebetreiber von www.ozeanien-dialog.de Ihren Datenschutz sehr ernst und behandelt Ihre personenbezogenen Daten vertraulich und entsprechend dem Kirchengesetz \u00fcber den &hellip;<\/p>\n","protected":false},"author":1,"featured_media":0,"parent":0,"menu_order":0,"comment_status":"closed","ping_status":"closed","template":"","meta":[],"acf":[],"_links":{"self":[{"href":"https:\/\/www.ozeanien-dialog.de\/index.php?rest_route=\/wp\/v2\/pages\/2067"}],"collection":[{"href":"https:\/\/www.ozeanien-dialog.de\/index.php?rest_route=\/wp\/v2\/pages"}],"about":[{"href":"https:\/\/www.ozeanien-dialog.de\/index.php?rest_route=\/wp\/v2\/types\/page"}],"author":[{"embeddable":true,"href":"https:\/\/www.ozeanien-dialog.de\/index.php?rest_route=\/wp\/v2\/users\/1"}],"replies":[{"embeddable":true,"href":"https:\/\/www.ozeanien-dialog.de\/index.php?rest_route=%2Fwp%2Fv2%2Fcomments&post=2067"}],"version-history":[{"count":7,"href":"https:\/\/www.ozeanien-dialog.de\/index.php?rest_route=\/wp\/v2\/pages\/2067\/revisions"}],"predecessor-version":[{"id":3840,"href":"https:\/\/www.ozeanien-dialog.de\/index.php?rest_route=\/wp\/v2\/pages\/2067\/revisions\/3840"}],"wp:attachment":[{"href":"https:\/\/www.ozeanien-dialog.de\/index.php?rest_route=%2Fwp%2Fv2%2Fmedia&parent=2067"}],"curies":[{"name":"wp","href":"https:\/\/api.w.org\/{rel}","templated":true}]}}